{"id":3298,"date":"2021-11-16T11:55:15","date_gmt":"2021-11-16T11:55:15","guid":{"rendered":"http:\/\/mindapple"},"modified":"2021-11-16T11:55:15","modified_gmt":"2021-11-16T11:55:15","slug":"regulamin","status":"publish","type":"page","link":"https:\/\/cto-taniec.pl\/gliwice\/regulamin\/","title":{"rendered":"Regulamin"},"content":{"rendered":"<p><strong>I.DEFINICJE\u00a0<\/strong><\/p>\n<ol>\n<li>Studio Ta\u0144ca CTO, CTO Gliwice, CTO Rybnik lub Organizator \u2013 CTO P. Jak\u00f3bczyk, J. Dziadczyk Sp\u00f3\u0142ka Jawna, Lutycka 6, 44-100 Gliwice, NIP 6312658020. Studio ta\u0144ca CTO jest jednostk\u0105 kulturaln\u0105 promuj\u0105c\u0105 taniec, ruch i aktywny tryb \u017cycia.<\/li>\n<li>Uczestnik \u2013 osoba korzystaj\u0105ca z us\u0142ug Organizatora.<\/li>\n<li>Klient \u2013 osoba zawieraj\u0105ca umow\u0119 z Organizatorem o \u015bwiadczenie us\u0142ug okre\u015blonych\u00a0w ofercie Organizatora, kt\u00f3ra jest jednocze\u015bnie Uczestnikiem lub osoba zawieraj\u0105ca\u00a0w imieniu w\u0142asnym umow\u0119 na rzecz innego Uczestnika.<\/li>\n<li>Opiekun &#8211; rodzic b\u0105d\u017a osoba b\u0119d\u0105ca prawnym opiekunem uczestnika, kt\u00f3ry nie uko\u0144czy\u0142 18 roku \u017cycia.<\/li>\n<li>Dziecko \u2013 Uczestnik, kt\u00f3ry nie uko\u0144czy\u0142 13 roku \u017cycia.<\/li>\n<li>M\u0142odzie\u017c \u2013 Uczestnik pomi\u0119dzy 13 a 18 rokiem \u017cycia.<\/li>\n<li>Zaj\u0119cia &#8211; nauka ta\u0144ca lub innych form ruchu prowadzona przez Organizatora oraz \u015bwiadczenie innych us\u0142ug okre\u015blonych w niniejszym Regulaminie oraz odr\u0119bnej ofercie Organizatora z udzia\u0142em Uczestnik\u00f3w.<\/li>\n<\/ol>\n<p><strong>II. POSTANOWIENIA OG\u00d3LNE<\/strong><\/p>\n<ol>\n<li>Zaj\u0119cia prowadzone przez Organizatora s\u0105 skierowane do Uczestnik\u00f3w od 3 roku \u017cycia.<\/li>\n<li>Warunkiem uczestnictwa w zaj\u0119ciach prowadzonych przez Organizatora jest akceptacja niniejszego Regulaminu przez Uczestnika zaj\u0119\u0107, a w przypadku Dzieci i M\u0142odzie\u017cy przez Opiekuna. O\u015bwiadczenie o zaakceptowaniu postanowie\u0144 niniejszego Regulaminu stanowi integraln\u0105 cz\u0119\u015b\u0107 o\u015bwiadczenia o uczestnictwie w zaj\u0119ciach.<\/li>\n<li>Cennik stanowi integraln\u0105 cz\u0119\u015b\u0107 niniejszego Regulaminu.<\/li>\n<li>Organizator \u015bwiadczy us\u0142ugi w zakresie: a) nauka ta\u0144ca obejmuj\u0105ca hip hop, zumba, taniec u\u017cytkowy, taniec towarzyski, sensual dance, shuffle, balet, hip maluszki, jazz, popping, twerk, dancehall, freestyle, akrobatyka, voguing, high heels b) organizacja warsztat\u00f3w tanecznych, c) organizacja oboz\u00f3w tanecznych, d) organizacja lekcji indywidualnych, e) organizacja zawod\u00f3w, festiwali i pokaz\u00f3w tanecznych.<\/li>\n<li>Organizator zastrzega sobie prawo do zmiany zakresu wy\u017cej wskazanych us\u0142ug.<\/li>\n<\/ol>\n<p><strong>III. ORGANIZACJA ZAJ\u0118\u0106 ORAZ OBOWI\u0104ZKI I PRAWA ORGANIZATORA<\/strong><\/p>\n<p>Organizator zobowi\u0105zuje si\u0119 do prowadzenia zaj\u0119\u0107 w wyznaczonych terminach zgodnie\u00a0z grafikiem zaj\u0119\u0107 oraz zapewnienia odpowiednich warunk\u00f3w (sprz\u0119t graj\u0105cy, nag\u0142o\u015bnienie itp.). W przypadku choroby instruktora b\u0105d\u017a innej losowej przyczyny uniemo\u017cliwiaj\u0105cej stawienie si\u0119 wskazanego prowadz\u0105cego na kurs Organizator zapewnia zast\u0119pstwo. W przypadku braku zast\u0119pstwa Organizator zastrzega sobie prawo odwo\u0142ania zaj\u0119\u0107 z mo\u017cliwo\u015bci\u0105 odrobienia ich w innym terminie, kt\u00f3ry wypada w weekend lub inny dzie\u0144 tygodnia. O wszelkich zmianach uczestnik\u00f3w danych zaj\u0119\u0107 Organizator zobowi\u0105zuje si\u0119 informowa\u0107 poprzez swoj\u0105 stron\u0119 facebook, poczt\u0105 elektroniczn\u0105 wszystkich uczestnik\u00f3w, telefonicznie lub osobi\u015bcie. Rejestr zaj\u0119\u0107 jest dost\u0119pny w recepcji studia.<\/p>\n<ol>\n<li>Organizator zastrzega sobie prawo do zmiany godzin zaj\u0119\u0107. O zmianie zaj\u0119\u0107 Uczestnicy zostan\u0105 poinformowani w spos\u00f3b osobisty lub telefoniczny, 7 dni przed planowan\u0105 zmian\u0105.<\/li>\n<li>Zaj\u0119cia trwaj\u0105 wed\u0142ug grafika dost\u0119pnego w studio<\/li>\n<li>Na salach tanecznych podczas zaj\u0119\u0107 mog\u0105 przebywa\u0107 tylko kursanci danej grupy, kursanci odrabiaj\u0105cy zaj\u0119cia i instruktor. Rodzice, opiekunowie oraz osoby towarzysz\u0105ce nie maj\u0105 prawa przebywa\u0107 na salach tanecznych, z uwagi na komfort i bezpiecze\u0144stwo uczestnik\u00f3w zaj\u0119\u0107.<\/li>\n<li>Ilo\u015b\u0107 miejsc w grupach jest ograniczona i w momencie zape\u0142nienia si\u0119 grupy lista uczestnik\u00f3w zostaje zamkni\u0119ta. Osoby, kt\u00f3re nie zosta\u0142y zapisane do grupy z powodu braku miejsc mog\u0105 zosta\u0107 zapisane do innej grupy. Maksymalna ilo\u015b\u0107 os\u00f3b w grupie wynosi 35, przy czym doboru grup dokonuje si\u0119 w pierwszej kolejno\u015bci maj\u0105c na uwadze zbli\u017cony wiek Uczestnik\u00f3w, poziom zaawansowania w danego rodzaju zaj\u0119ciach oraz na podstawie rodzaju wybranych zaj\u0119\u0107.<\/li>\n<li>Je\u015bli ilo\u015b\u0107 Uczestnik\u00f3w danych zaj\u0119\u0107 jest mniejsza ni\u017c 2 os\u00f3b, organizator ma prawo odwo\u0142a\u0107 zaj\u0119cia.<\/li>\n<li>W przypadku zamkni\u0119cia grupy z winy Organizatora (za ma\u0142a liczba uczestnik\u00f3w) Organizator zaproponuje inne zaj\u0119cia lub zwr\u00f3ci wniesion\u0105 niewykorzystan\u0105 op\u0142at\u0119.<\/li>\n<li>Pierwsze zaj\u0119cia s\u0105 darmowe, natomiast ka\u017cde kolejne pr\u00f3bne sprawdzenie innych zaj\u0119\u0107 jest p\u0142atne jako wej\u015bcie bez umowy w kwocie 35 z\u0142.<\/li>\n<li>Organizator ma prawo do wyznaczenia zast\u0119pczych termin\u00f3w zaj\u0119\u0107, jakie nie odby\u0142y si\u0119 z powodu dni ustawowo wolnych od pracy lub z powodu innych okoliczno\u015bci niezale\u017cnych od Uczestnik\u00f3w. Terminy zast\u0119pcze zostan\u0105 wyznaczone w weekendy lub inny dzie\u0144 tygodnia. O wyznaczeniu zaj\u0119\u0107 zast\u0119pczych Organizator powiadomi telefonicznie, mailowo lub na zaj\u0119ciach, co najmniej 7 dni przed terminem zaj\u0119\u0107 zast\u0119pczych.<\/li>\n<li>Instruktor mo\u017ce poprosi\u0107 o opuszczenie sali osoby, kt\u00f3re nie b\u0119d\u0105 przestrzega\u0107 punkt\u00f3w niniejszego regulaminu, b\u0119d\u0105 pod wp\u0142ywem alkoholu lub \u015brodk\u00f3w odurzaj\u0105cych oraz je\u015bli ich zachowanie b\u0119dzie zagra\u017ca\u0107 bezpiecze\u0144stwu oraz przeszkadza\u0107 innym Uczestnikom zaj\u0119\u0107.<\/li>\n<li>Wszelkie akty dewastacji i usterki nale\u017cy zg\u0142asza\u0107 pracownikom Organizatora. Za brak poszanowania mienia Organizatora oraz mienia znajduj\u0105cego si\u0119 w miejscu odbywania si\u0119 zaj\u0119\u0107 sprawca (uczestnik zaj\u0119\u0107) zostanie poci\u0105gni\u0119ty do odpowiedzialno\u015bci finansowej za powsta\u0142e straty (w przypadku osoby niepe\u0142noletniej rodzic lub opiekun).<\/li>\n<li>Uczestnicy zaj\u0119\u0107 tanecznych s\u0105 nara\u017ceni na wysokie nat\u0119\u017cenie i g\u0142o\u015bno\u015b\u0107 d\u017awi\u0119ku.<\/li>\n<li>Organizator nie ubezpiecza Uczestnik\u00f3w od nieszcz\u0119\u015bliwych wypadk\u00f3w oraz nie ponosi odpowiedzialno\u015bci za nieszcz\u0119\u015bliwe wypadki powsta\u0142e bez winy Organizatora oraz os\u00f3b dzia\u0142aj\u0105cych w jego imieniu. Ka\u017cdy z Uczestnik\u00f3w bierze udzia\u0142 w zaj\u0119ciach na w\u0142asn\u0105 odpowiedzialno\u015b\u0107.<\/li>\n<li>Organizator nie ponosi odpowiedzialno\u015bci za rzeczy Uczestnik\u00f3w zaj\u0119\u0107 pozostawione w szatni oraz w miejscu odbywania zaj\u0119\u0107.<\/li>\n<li>Organizator zobowi\u0105zany jest do przeprowadzenia liczby zaj\u0119\u0107 zgodnie z podpisan\u0105 umow\u0105.<\/li>\n<li>Organizator ma prawo do zmiany grafiku o czym poinformuje Klient\u00f3w z 7 dniowym wyprzedzeniem.<\/li>\n<\/ol>\n<p><strong>IV. UCZESTNICY ORAZ PRAWA I OBOWI\u0104ZKI UCZESTNIK\u00d3W<\/strong><\/p>\n<ol>\n<li>Uczestnikami zaj\u0119\u0107 tanecznych mog\u0105 by\u0107 osoby w wieku od 3 lat.<\/li>\n<li>Za wszelkie szkody wyrz\u0105dzone przez Uczestnik\u00f3w, kt\u00f3rzy nie uko\u0144czyli 18 (osiemnastego) roku \u017cycia odpowiedzialny jest Opiekun. Ponadto Opiekun zobowi\u0105zany jest do zapewnienia opieki niepe\u0142noletnim Uczestnikom przed rozpocz\u0119ciem i po zako\u0144czeniu zaj\u0119\u0107 w miejscu odbywania zaj\u0119\u0107.<\/li>\n<li>Uczestniczy\u0107 w zaj\u0119ciach organizowanych przez Organizatora mog\u0105 by\u0107 jedynie osoby kt\u00f3re przestrzegaj\u0105 niniejszego Regulaminu, podpisa\u0142y o\u015bwiadczenie o kt\u00f3rym mowa w pkt. II.2 oraz uregulowa\u0142y op\u0142aty wg obowi\u0105zuj\u0105cego cennika.<\/li>\n<li>Osoby kt\u00f3re nie dokona\u0142y op\u0142aty za zaj\u0119cia nie maj\u0105 prawa uczestnictwa w zaj\u0119ciach. W takim wypadku powinni opu\u015bci\u0107 sal\u0119 taneczn\u0105 i jak najszybciej uregulowa\u0107 nale\u017cno\u015b\u0107.<\/li>\n<li>Klient lub uczestnik mo\u017ce dokona\u0107 zmiany grupy zaj\u0119ciowej po wcze\u015bniejszym ustaleniu tego z Organizatorem.<\/li>\n<li>Ka\u017cdy uczestnik ma prawo przed przyst\u0105pieniem do wykonywania \u0107wicze\u0144 wskazanych przez instruktora odm\u00f3wi\u0107 ich wykonania, uznaj\u0105c je za niebezpieczne dla swojego stanu zdrowia.<\/li>\n<li>Obowi\u0105zkiem uczestnika zaj\u0119\u0107 sportowo-tanecznych jest informowanie instruktora przed przyst\u0105pieniem do wykonywania zadanych \u0107wicze\u0144 o swojej ka\u017cdorazowej niedyspozycji, stanie zdrowia i innych ograniczeniach uniemo\u017cliwiaj\u0105cych wykonanie \u0107wicze\u0144.<\/li>\n<li>Uczestnik zaj\u0119\u0107 zobowi\u0105zany jest do wykonywania polece\u0144 instruktora dotycz\u0105cych sposobu wykonywania \u0107wicze\u0144.<\/li>\n<li>Za kontuzje, naruszenia zdrowia i \u017cycia w\u0142asnego lub os\u00f3b trzecich spowodowane przez uczestnika b\u0119d\u0105cego w stanie nietrze\u017awym lub po za\u017cyciu narkotyk\u00f3w odpowiada wy\u0142\u0105cznie uczestnik.<\/li>\n<li>Uczestnicy, rodzice i opiekunowie zobowi\u0105zuj\u0105 si\u0119 do podania bie\u017c\u0105cych informacji o stanie zdrowia uczestnika oraz o jego predyspozycjach przy wykonywaniu poszczeg\u00f3lnych uk\u0142ad\u00f3w lub \u0107wicze\u0144 podczas zaj\u0119\u0107.<\/li>\n<li>Na zaj\u0119ciach wszystkich Uczestnik\u00f3w obowi\u0105zuje str\u00f3j treningowy (sportowy) niekr\u0119puj\u0105cy ruchu oraz odpowiednie obuwie sportowe lub taneczne<\/li>\n<li>Zabrania si\u0119 przebywania na salach bez wiedzy i zgody instruktora.<\/li>\n<li>Uczestnicy zaj\u0119\u0107 zobowi\u0105zani s\u0105 do przestrzegania czysto\u015bci i higieny, nie u\u017cywania telefonu kom\u00f3rkowego podczas zaj\u0119\u0107, posiadania odpowiedniego do zaj\u0119\u0107 obuwia, nie sp\u00f3\u017aniania si\u0119 na zaj\u0119cia, zakaz spo\u017cywania gumy do \u017cucia.<\/li>\n<li>Na terenie plac\u00f3wek, w kt\u00f3rych prowadzone s\u0105 zaj\u0119cia obowi\u0105zuje bezwzgl\u0119dny zakaz spo\u017cywania alkoholu oraz palenia tytoniu.<\/li>\n<li>Uczestnicy zobowi\u0105zani s\u0105 do systematycznego uczestniczenia w zaj\u0119ciach.<\/li>\n<li>Uczestnicy zobowi\u0105zani s\u0105 do wstrzymania si\u0119 od przyj\u015bcia do Studia w sytuacji zaobserwowania u siebie jakichkolwiek symptom\u00f3w zazi\u0119bienia<\/li>\n<li>W Studio mog\u0105 \u0107wiczy\u0107 jedynie osoby zdrowe, niewykazuj\u0105ce objaw\u00f3w chor\u00f3b zaka\u017anych. W Studio nie mog\u0105 ponadto korzysta\u0107 osoby, kt\u00f3re s\u0105 obj\u0119te kwarantann\u0105 lub izolacj\u0105, lub mia\u0142y w ci\u0105gu ostatnich 14 dni kontakt z osob\u0105 podejrzan\u0105 o zaka\u017cenie, zaka\u017con\u0105 lub chor\u0105 na COVID-19. Uczestnik ma obowi\u0105zek dezynfekowania r\u0105k przy wej\u015bciu do Studia oraz powtarzanie dezynfekcji podczas pobytu w studio<\/li>\n<\/ol>\n<p><strong>V. OP\u0141ATY<\/strong><\/p>\n<ol>\n<li>P\u0142atno\u015bci za zaj\u0119cia przyjmowane s\u0105 na konto bankowe Organizatora lub got\u00f3wk\u0105 w siedzibie studia za miesi\u0105c kalendarzowy do 11 dnia ka\u017cdego miesi\u0105ca.<\/li>\n<li>Op\u0142ata za zaj\u0119cia ma form\u0119 umowy. Op\u0142aty naliczane s\u0105 wed\u0142ug harmonogramu zaj\u0119\u0107.<\/li>\n<li>W przypadku nieobecno\u015bci na zaj\u0119ciach z w\u0142asnej winy, Organizator nie zwraca op\u0142aty za oraz umo\u017cliwia odbycie zaj\u0119\u0107 w innym terminie na innej grupie po wcze\u015bniejszym ustaleniu tego z Organizatorem.<\/li>\n<li>Wysoko\u015b\u0107 op\u0142at za zaj\u0119cia taneczne podana jest w Cenniku Organizatora.<\/li>\n<li>Klienci, kt\u00f3rzy dokonali p\u0142atno\u015bci za zaj\u0119cia na dzie\u0144 przed lub w dniu rozpocz\u0119cia si\u0119 zaj\u0119\u0107 zobowi\u0105zani s\u0105 do przedstawienia dowodu wp\u0142aty przed wej\u015bciem na sal\u0119 taneczn\u0105.<\/li>\n<li>W przypadku lockdown&#8217;u spowodowanego COVID-SARS2 Klientowi przys\u0142uguje prawo zawieszenia umowy. Klient jest zobowi\u0105zany ui\u015bci\u0107 op\u0142at\u0119 w wysoko\u015bci 29z\u0142 miesi\u0119cznie. Op\u0142ata za zawieszenie powinna zosta\u0107 uiszczona do 11 dnia miesi\u0105ca w okresie zawieszenia. Zawieszenie nie dzia\u0142a wstecz i jest skuteczne wy\u0142\u0105cznie gdy zostanie zg\u0142oszone w Studio. W trakcie trwania okresu zawieszenia klientowi nie przys\u0142uguje prawo uczestniczenia w zaj\u0119ciach i treningach online i na \u017cywo realizowanych przez organizatora.<\/li>\n<li>W przypadku lockdown&#8217;u spowodowanego COVID-SARS2 Klient\/Uczestnik, kt\u00f3ry nie skorzysta\u0142 z zawieszenia umowy jest zobowi\u0105zany do korzystania z us\u0142ug Organizatora w formie online w kwocie 70% warto\u015bci wynikaj\u0105cej z umowy.<\/li>\n<\/ol>\n<p><strong>VI. LEKCJE INDYWIDUALNE DLA PAR<\/strong><\/p>\n<ol>\n<li>Data wa\u017cno\u015bci pakietu: a) Pary \u015blubne- wa\u017cno\u015b\u0107 pakietu ko\u0144czy si\u0119 miesi\u0105c po weselu. b) Pary taniec towarzyski lub u\u017cytkowy: &#8211; pakiet 5 godzin &#8211; wa\u017cno\u015b\u0107 3 miesi\u0105ce &#8211; pakiet 10 godzin \u2013 wa\u017cno\u015b\u0107 6 miesi\u0119cy<\/li>\n<li>Je\u017celi para zdecydowana jest na zakup du\u017cej ilo\u015bci godzin a do wesela jest ma\u0142o czasu ( okre\u015bla instruktor) to terminy ustalane s\u0105 z g\u00f3ry.<\/li>\n<li>P\u0142atno\u015b\u0107: a) W celu rezerwacji pierwszej lekcji trzeba op\u0142aci\u0107 zadatek w wysoko\u015bci 100 z\u0142. b) W przypadku pakiet\u00f3w p\u0142atno\u015b\u0107 nast\u0119puje na drugiej lekcji. Jest to dop\u0142ata do wybranego pakietu. c) P\u0142atno\u015bci mo\u017cna dokona\u0107 przelewem lub got\u00f3wk\u0105 w Studio d) Op\u0142ata za dodatkow\u0105 lekcj\u0119 po sko\u0144czonym pakiecie wynosi 100 z\u0142.<\/li>\n<li>Je\u017celi lekcja nie jest odwo\u0142ana na dzie\u0144 przed zaplanowanym terminem, to lekcja uznana jest za odbyt\u0105.<\/li>\n<\/ol>\n<p><strong>VII. POSTANOWIENIA KO\u0143COWE<\/strong><\/p>\n<ol>\n<li>Klienci zobowi\u0105zani s\u0105 do bie\u017c\u0105cego zapoznawania si\u0119 z informacjami podawanymi na stronie WWW, facebook, poczta, tel lub osobi\u015bcie i na zaj\u0119ciach oraz dostosowywania si\u0119 do nich.<\/li>\n<li>Organizator zastrzega sobie prawo do wykorzystania materia\u0142\u00f3w filmowych i zdj\u0119\u0107 wykonanych podczas zaj\u0119\u0107 tanecznych, turniej\u00f3w, pokaz\u00f3w itp. do cel\u00f3w promocyjnych i informacyjnych, na co ka\u017cdy uczestnik zaj\u0119\u0107 wyra\u017ca zgod\u0119.<\/li>\n<li>Ka\u017cda ze stron mo\u017ce pisemnie wypowiedzie\u0107 umow\u0119 bez podawania przyczyn z zachowaniem jednomiesi\u0119cznego okresu wypowiedzenia. Okres wypowiedzenia biegnie od pierwszego do ostatniego dnia miesi\u0105ca nast\u0119puj\u0105cego po miesi\u0105cu, w kt\u00f3rym zosta\u0142o z\u0142o\u017cone stosowne o\u015bwiadczenie. W przypadku zaleg\u0142o\u015bci w p\u0142atno\u015bciach ni\u017c trzy miesi\u0105ce studio zastrzega sobie prawo do rozwi\u0105zania umowy bez zachowania okresu wypowiedzenia. W takim przypadku pe\u0142na kwota zad\u0142u\u017cenia pozostaje wymagalna i podlega procesowi windykacji.<\/li>\n<li>W przypadkach wypadk\u00f3w losowych, kt\u00f3re dotkn\u0119\u0142y Uczestnika chc\u0105cego rozwi\u0105za\u0107 umow\u0119 z Organizatorem tylko za okazaniem za\u015bwiadczenia lekarskiego stwierdzaj\u0105cego niezdolno\u015b\u0107 do uczestnictwa w zaj\u0119ciach.<\/li>\n<li>Wszystkie sprawy nieobj\u0119te niniejszym Regulaminem s\u0105 regulowane bezpo\u015brednio przez w\u0142a\u015bciciela Studio Ta\u0144ca CTO \u2013 Paulina Jak\u00f3bczyk, Joanna Dziadczyk i osoby posiadaj\u0105ce wa\u017cne pe\u0142nomocnictwo od Pauliny Jak\u00f3bczyk i Joanny Dziadczyk. W przypadku spraw nieuregulowanych w niniejszym regulaminie odpowiednie zastosowanie maj\u0105 przepisy kodeksu cywilnego. Wszelkie spory wynikaj\u0105ce w zwi\u0105zku z uczestnictwem w zaj\u0119ciach rozstrzyga S\u0105d w\u0142a\u015bciwy miejscowo dla siedziby Organizatora.<\/li>\n<li>Regulamin dost\u0119pny jest zawsze podczas zaj\u0119\u0107. Na \u017cyczenie Klienta zostanie wys\u0142any do niego poczt\u0105 elektroniczn\u0105.<\/li>\n<li>Niniejszy Regulamin mo\u017ce ulec zmianie, jednak\u017ce o wszelkich zmianach regulaminu Uczestnicy oraz Klienci zostan\u0105 poinformowani w lokalu, w kt\u00f3rym odbywaj\u0105 si\u0119 zaj\u0119cia oraz na stronie internetowej.<\/li>\n<\/ol>\n","protected":false},"excerpt":{"rendered":"<p>I.DEFINICJE\u00a0 Studio Ta\u0144ca CTO, CTO Gliwice, CTO Rybnik lub Organizator \u2013 CTO P. Jak\u00f3bczyk, J. Dziadczyk Sp\u00f3\u0142ka Jawna, Lutycka 6, 44-100 Gliwice, NIP 6312658020. Studio ta\u0144ca CTO jest jednostk\u0105 kulturaln\u0105 promuj\u0105c\u0105 taniec, ruch i aktywny tryb \u017cycia. Uczestnik \u2013 osoba korzystaj\u0105ca z us\u0142ug Organizatora. Klient \u2013 osoba zawieraj\u0105ca umow\u0119 z Organizatorem o \u015bwiadczenie us\u0142ug okre\u015blonych\u00a0w [&hellip;]<\/p>\n","protected":false},"author":1,"featured_media":0,"parent":0,"menu_order":0,"comment_status":"closed","ping_status":"closed","template":"","meta":{"_acf_changed":false,"footnotes":""},"class_list":["post-3298","page","type-page","status-publish","hentry"],"acf":[],"yoast_head":"<!-- This site is optimized with the Yoast SEO plugin v27.4 - https:\/\/yoast.com\/product\/yoast-seo-wordpress\/ -->\n<title>Regulamin - CTO Gliwice<\/title>\n<meta name=\"robots\" content=\"index, follow, max-snippet:-1, max-image-preview:large, max-video-preview:-1\" \/>\n<link rel=\"canonical\" href=\"https:\/\/cto-taniec.pl\/gliwice\/regulamin\/\" \/>\n<meta property=\"og:locale\" content=\"pl_PL\" \/>\n<meta property=\"og:type\" content=\"article\" \/>\n<meta property=\"og:title\" content=\"Regulamin - CTO Gliwice\" \/>\n<meta property=\"og:description\" content=\"I.DEFINICJE\u00a0 Studio Ta\u0144ca CTO, CTO Gliwice, CTO Rybnik lub Organizator \u2013 CTO P. Jak\u00f3bczyk, J. Dziadczyk Sp\u00f3\u0142ka Jawna, Lutycka 6, 44-100 Gliwice, NIP 6312658020. Studio ta\u0144ca CTO jest jednostk\u0105 kulturaln\u0105 promuj\u0105c\u0105 taniec, ruch i aktywny tryb \u017cycia. Uczestnik \u2013 osoba korzystaj\u0105ca z us\u0142ug Organizatora. Klient \u2013 osoba zawieraj\u0105ca umow\u0119 z Organizatorem o \u015bwiadczenie us\u0142ug okre\u015blonych\u00a0w [&hellip;]\" \/>\n<meta property=\"og:url\" content=\"https:\/\/cto-taniec.pl\/gliwice\/regulamin\/\" \/>\n<meta property=\"og:site_name\" content=\"CTO Gliwice\" \/>\n<meta property=\"article:publisher\" content=\"https:\/\/www.facebook.com\/cto.studiotanca\" \/>\n<meta property=\"og:image\" content=\"https:\/\/cto-taniec.pl\/gliwice\/wp-content\/uploads\/sites\/2\/2021\/11\/HIP-HOP-DOROS\u0301LI.jpg\" \/>\n\t<meta property=\"og:image:width\" content=\"1500\" \/>\n\t<meta property=\"og:image:height\" content=\"1000\" \/>\n\t<meta property=\"og:image:type\" content=\"image\/jpeg\" \/>\n<meta name=\"twitter:card\" content=\"summary_large_image\" \/>\n<meta name=\"twitter:label1\" content=\"Szacowany czas czytania\" \/>\n\t<meta name=\"twitter:data1\" content=\"10 minut\" \/>\n<script type=\"application\/ld+json\" class=\"yoast-schema-graph\">{\"@context\":\"https:\\\/\\\/schema.org\",\"@graph\":[{\"@type\":\"WebPage\",\"@id\":\"https:\\\/\\\/cto-taniec.pl\\\/gliwice\\\/regulamin\\\/\",\"url\":\"https:\\\/\\\/cto-taniec.pl\\\/gliwice\\\/regulamin\\\/\",\"name\":\"Regulamin - CTO Gliwice\",\"isPartOf\":{\"@id\":\"https:\\\/\\\/cto-taniec.pl\\\/gliwice\\\/#website\"},\"datePublished\":\"2021-11-16T11:55:15+00:00\",\"breadcrumb\":{\"@id\":\"https:\\\/\\\/cto-taniec.pl\\\/gliwice\\\/regulamin\\\/#breadcrumb\"},\"inLanguage\":\"pl-PL\",\"potentialAction\":[{\"@type\":\"ReadAction\",\"target\":[\"https:\\\/\\\/cto-taniec.pl\\\/gliwice\\\/regulamin\\\/\"]}]},{\"@type\":\"BreadcrumbList\",\"@id\":\"https:\\\/\\\/cto-taniec.pl\\\/gliwice\\\/regulamin\\\/#breadcrumb\",\"itemListElement\":[{\"@type\":\"ListItem\",\"position\":1,\"name\":\"Home\",\"item\":\"https:\\\/\\\/cto-taniec.pl\\\/gliwice\\\/\"},{\"@type\":\"ListItem\",\"position\":2,\"name\":\"Regulamin\"}]},{\"@type\":\"WebSite\",\"@id\":\"https:\\\/\\\/cto-taniec.pl\\\/gliwice\\\/#website\",\"url\":\"https:\\\/\\\/cto-taniec.pl\\\/gliwice\\\/\",\"name\":\"CTO Gliwice\",\"description\":\"Profesjonalna szko\u0142a ta\u0144ca w Gliwicach\",\"publisher\":{\"@id\":\"https:\\\/\\\/cto-taniec.pl\\\/gliwice\\\/#organization\"},\"potentialAction\":[{\"@type\":\"SearchAction\",\"target\":{\"@type\":\"EntryPoint\",\"urlTemplate\":\"https:\\\/\\\/cto-taniec.pl\\\/gliwice\\\/?s={search_term_string}\"},\"query-input\":{\"@type\":\"PropertyValueSpecification\",\"valueRequired\":true,\"valueName\":\"search_term_string\"}}],\"inLanguage\":\"pl-PL\"},{\"@type\":\"Organization\",\"@id\":\"https:\\\/\\\/cto-taniec.pl\\\/gliwice\\\/#organization\",\"name\":\"CTO Gliwice\",\"url\":\"https:\\\/\\\/cto-taniec.pl\\\/gliwice\\\/\",\"logo\":{\"@type\":\"ImageObject\",\"inLanguage\":\"pl-PL\",\"@id\":\"https:\\\/\\\/cto-taniec.pl\\\/gliwice\\\/#\\\/schema\\\/logo\\\/image\\\/\",\"url\":\"https:\\\/\\\/cto-taniec.pl\\\/gliwice\\\/wp-content\\\/uploads\\\/sites\\\/2\\\/2021\\\/11\\\/CTO-Black-Logo.svg\",\"contentUrl\":\"https:\\\/\\\/cto-taniec.pl\\\/gliwice\\\/wp-content\\\/uploads\\\/sites\\\/2\\\/2021\\\/11\\\/CTO-Black-Logo.svg\",\"width\":74,\"height\":120,\"caption\":\"CTO Gliwice\"},\"image\":{\"@id\":\"https:\\\/\\\/cto-taniec.pl\\\/gliwice\\\/#\\\/schema\\\/logo\\\/image\\\/\"},\"sameAs\":[\"https:\\\/\\\/www.facebook.com\\\/cto.studiotanca\",\"https:\\\/\\\/www.instagram.com\\\/cto_dancestudio\\\/\"]}]}<\/script>\n<!-- \/ Yoast SEO plugin. -->","yoast_head_json":{"title":"Regulamin - CTO Gliwice","robots":{"index":"index","follow":"follow","max-snippet":"max-snippet:-1","max-image-preview":"max-image-preview:large","max-video-preview":"max-video-preview:-1"},"canonical":"https:\/\/cto-taniec.pl\/gliwice\/regulamin\/","og_locale":"pl_PL","og_type":"article","og_title":"Regulamin - CTO Gliwice","og_description":"I.DEFINICJE\u00a0 Studio Ta\u0144ca CTO, CTO Gliwice, CTO Rybnik lub Organizator \u2013 CTO P. Jak\u00f3bczyk, J. Dziadczyk Sp\u00f3\u0142ka Jawna, Lutycka 6, 44-100 Gliwice, NIP 6312658020. Studio ta\u0144ca CTO jest jednostk\u0105 kulturaln\u0105 promuj\u0105c\u0105 taniec, ruch i aktywny tryb \u017cycia. Uczestnik \u2013 osoba korzystaj\u0105ca z us\u0142ug Organizatora. Klient \u2013 osoba zawieraj\u0105ca umow\u0119 z Organizatorem o \u015bwiadczenie us\u0142ug okre\u015blonych\u00a0w [&hellip;]","og_url":"https:\/\/cto-taniec.pl\/gliwice\/regulamin\/","og_site_name":"CTO Gliwice","article_publisher":"https:\/\/www.facebook.com\/cto.studiotanca","og_image":[{"width":1500,"height":1000,"url":"https:\/\/cto-taniec.pl\/gliwice\/wp-content\/uploads\/sites\/2\/2021\/11\/HIP-HOP-DOROS\u0301LI.jpg","type":"image\/jpeg"}],"twitter_card":"summary_large_image","twitter_misc":{"Szacowany czas czytania":"10 minut"},"schema":{"@context":"https:\/\/schema.org","@graph":[{"@type":"WebPage","@id":"https:\/\/cto-taniec.pl\/gliwice\/regulamin\/","url":"https:\/\/cto-taniec.pl\/gliwice\/regulamin\/","name":"Regulamin - CTO Gliwice","isPartOf":{"@id":"https:\/\/cto-taniec.pl\/gliwice\/#website"},"datePublished":"2021-11-16T11:55:15+00:00","breadcrumb":{"@id":"https:\/\/cto-taniec.pl\/gliwice\/regulamin\/#breadcrumb"},"inLanguage":"pl-PL","potentialAction":[{"@type":"ReadAction","target":["https:\/\/cto-taniec.pl\/gliwice\/regulamin\/"]}]},{"@type":"BreadcrumbList","@id":"https:\/\/cto-taniec.pl\/gliwice\/regulamin\/#breadcrumb","itemListElement":[{"@type":"ListItem","position":1,"name":"Home","item":"https:\/\/cto-taniec.pl\/gliwice\/"},{"@type":"ListItem","position":2,"name":"Regulamin"}]},{"@type":"WebSite","@id":"https:\/\/cto-taniec.pl\/gliwice\/#website","url":"https:\/\/cto-taniec.pl\/gliwice\/","name":"CTO Gliwice","description":"Profesjonalna szko\u0142a ta\u0144ca w Gliwicach","publisher":{"@id":"https:\/\/cto-taniec.pl\/gliwice\/#organization"},"potentialAction":[{"@type":"SearchAction","target":{"@type":"EntryPoint","urlTemplate":"https:\/\/cto-taniec.pl\/gliwice\/?s={search_term_string}"},"query-input":{"@type":"PropertyValueSpecification","valueRequired":true,"valueName":"search_term_string"}}],"inLanguage":"pl-PL"},{"@type":"Organization","@id":"https:\/\/cto-taniec.pl\/gliwice\/#organization","name":"CTO Gliwice","url":"https:\/\/cto-taniec.pl\/gliwice\/","logo":{"@type":"ImageObject","inLanguage":"pl-PL","@id":"https:\/\/cto-taniec.pl\/gliwice\/#\/schema\/logo\/image\/","url":"https:\/\/cto-taniec.pl\/gliwice\/wp-content\/uploads\/sites\/2\/2021\/11\/CTO-Black-Logo.svg","contentUrl":"https:\/\/cto-taniec.pl\/gliwice\/wp-content\/uploads\/sites\/2\/2021\/11\/CTO-Black-Logo.svg","width":74,"height":120,"caption":"CTO Gliwice"},"image":{"@id":"https:\/\/cto-taniec.pl\/gliwice\/#\/schema\/logo\/image\/"},"sameAs":["https:\/\/www.facebook.com\/cto.studiotanca","https:\/\/www.instagram.com\/cto_dancestudio\/"]}]}},"_links":{"self":[{"href":"https:\/\/cto-taniec.pl\/gliwice\/wp-json\/wp\/v2\/pages\/3298","targetHints":{"allow":["GET"]}}],"collection":[{"href":"https:\/\/cto-taniec.pl\/gliwice\/wp-json\/wp\/v2\/pages"}],"about":[{"href":"https:\/\/cto-taniec.pl\/gliwice\/wp-json\/wp\/v2\/types\/page"}],"author":[{"embeddable":true,"href":"https:\/\/cto-taniec.pl\/gliwice\/wp-json\/wp\/v2\/users\/1"}],"replies":[{"embeddable":true,"href":"https:\/\/cto-taniec.pl\/gliwice\/wp-json\/wp\/v2\/comments?post=3298"}],"version-history":[{"count":0,"href":"https:\/\/cto-taniec.pl\/gliwice\/wp-json\/wp\/v2\/pages\/3298\/revisions"}],"wp:attachment":[{"href":"https:\/\/cto-taniec.pl\/gliwice\/wp-json\/wp\/v2\/media?parent=3298"}],"curies":[{"name":"wp","href":"https:\/\/api.w.org\/{rel}","templated":true}]}}